= -m - s*p. Suppose -5*c + 32 = x, 0 = 5*c - x - m - 34. What is the remainder when 12 is divided by c?
5
Suppose -8 = -2*u + 4*o + o, 0 = 3*u - 5*o - 12. Let b be u - 2 - 21/1. Let x = b + 28. What is the remainder when 25 is divided by x?
7
Let h be 4*((-1)/(-2) + 0). Suppose -5*l = -h*m + 40, 0 = m - l + 8 - 28. Suppose -2*j = -18 - m. What is the remainder when j is divided by 10?
9
Let g = 58 - 43. Suppose 4*d = w + 2, 2*d - 6 = -d. Calculate the remainder when g is divided by w.
3
Let s(r) = -r**3 - 8*r**2 + 7*r - 1. What is the remainder when 3*((-74)/(-6) - 2) is divided by s(-9)?
14
Suppose 2*h = 3*h - 5. Suppose -4 = h*q - 44. Calculate the remainder when 13 is divided by q.
5
Suppose 2*q + 0*m - 101 = 3*m, -4*m - 58 = -q. What is the remainder when q is divided by 16?
14
Calculate the remainder when 99 is divided by 1824/36 - (-1)/3.
48
Let o = 13 + -7. Let z = -28 - -49. Let l = z + -10. What is the remainder when l is divided by o?
5
Let c(d) = d**3 - 3*d**2 - d - 1. Calculate the remainder when 21 is divided by c(4).
10
Let s(z) = 7*z**2 - 22*z + 13. Let a(i) = -10*i**2 + 33*i - 20. Let u(x) = -5*a(x) - 7*s(x). Calculate the remainder when u(13) is divided by 19.
16
Suppose 111 - 11 = 5*f. What is the remainder when f is divided by 11?
9
Let g = 65 - 48. What is the remainder when 31 is divided by g?
14
Let x = -4 - -7. Suppose y + 56 = x*y. Suppose 5*z - 79 = -4. Calculate the remainder when y is divided by z.
13
Let h = 51 - 7. Calculate the remainder when h is divided by 15.
14
Suppose -k + 3 = -3. What is the remainder when 3 is divided by -2 + k + (-3 - -2)?
0
Calculate the remainder when 78 is divided by (-3)/6 - 280/(-16).
10
Let h be 7/(1 - (-3 + 5)). Let s be 28/(-6)*36/h. Suppose -l = l - s. What is the remainder when 46 is divided by l?
10
Let h(j) = -j**3 - 19*j**2 + j + 30. Let f(s) = -13*s + 3. Let o be f(2). Let g = -3 - o. What is the remainder when g is divided by h(-19)?
9
Let p(z) = 5*z**2 - 3*z + 1. What is the remainder when 27 is divided by p(2)?
12
Let z(f) be the first derivative of f**4/4 - f**3 + 2*f + 4. Calculate the remainder when 8/6 + (-2)/(-3) is divided by z(3).
0
Suppose -j = 5, -z + 5*j + 35 = 4*z. Suppose 0 = -2*h - 0 + 6. Suppose -5 = -h*c + 4. What is the remainder when c is divided by z?
1
Let o be 1359/63 - 8/14. Suppose 3*s - o = 12. Suppose 63 = 6*l - 3*l. Calculate the remainder when l is divided by s.
10
Let x be (18*1)/3 + 1. Let d = x - 4. Suppose 2*m = -f + 24 - 6, 18 = d*m - 3*f. What is the remainder when 15 is divided by m?
7
Calculate the remainder when 2/3 - (-12900)/90 is divided by 37.
33
Let o be 1/(-2) + 3/6. Suppose -5*z + 3*i + 72 = -o*i, -32 = -3*z - i. Calculate the remainder when (-8)/z*29*-3 is divided by 15.
13
Let p = -23 + 38. Suppose -5*j + p = -0*j, 0 = 4*y + 3*j - 197. What is the remainder when y is divided by 16/((1 - 0) + 0)?
15
Let y be (-3 - 0)/((-33)/22). Suppose y*b + 16 = 4*b. What is the remainder when 21 is divided by b?
5
What is the remainder when ((-60)/8)/((-2)/4) is divided by 9?
6
Let d(a) = -a**2 + 10*a + 2. What is the remainder when 2 is divided by d(10)?
0
Suppose -o - 4*o + 32 = 3*b, 2*o + 4*b = 24. Let t(j) = 9*j**2 + 2*j - 1. Let k be ((-1)/3)/(3/(-9)). Calculate the remainder when t(k) is divided by o.
2
Suppose -10 = -2*y + 3*z, 2*y + 4*z = 6*y - 28. What is the remainder when y is divided by -2 + 1 - (-1 + -7)?
4
Let j = 112 - 65. Let t = 14 - 40. Let a = t - -42. Calculate the remainder when j is divided by a.
15
Let z(i) be the second derivative of i**5/20 + 5*i**4/12 - 4*i**3/3 + 2*i**2 - 3*i. What is the remainder when z(-6) is divided by 9?
7
Suppose 0 = -k - 2*k + 48. Suppose -4*d - 14 = d - 4*x, -3*x = -2*d. Let v = k - d. Calculate the remainder when v is divided by 12.
10
Let q = 30 - 15. Calculate the remainder when 42 is divided by q.
12
What is the remainder when 186 is divided by (94/4)/(-3 + (-35)/(-10))?
45
Let l be (-3975)/(-45) - (-2)/(-6). Suppose 0 = 6*j - 2*j - l. What is the remainder when 64 is divided by j?
20
Let l be 12*8/12 + -3. Suppose -l - 16 = -3*x. Calculate the remainder when x is divided by 4.
3
Let u(q) = -38*q - 4. Let m be u(-4). Let x = 25 + 72. Let p = m - x. Calculate the remainder when p is divided by 13.
12
Let b(l) = -l**2 - 8*l - 1. Suppose -d + 1 + 4 = 5*z, -z = 0. Calculate the remainder when b(-5) is divided by d.
4
Let f = 0 + 1. Let z = 1 + f. Calculate the remainder when z is divided by 2.
0
Suppose -20 = -0*t - t. What is the remainder when 37 is divided by t?
17
Suppose -2*q - 3*g = -0*g - 21, 0 = 3*q - g - 4. Suppose 9 = 2*c + 1, -q*l - c + 127 = 0. Calculate the remainder when l is divided by (-1)/3 + (-301)/(-21).
13
Suppose 0 = -4*m + 17 - 5. Suppose k - m*k = -60. What is the remainder when k is divided by 16?
14
Let z = 8 + -5. Suppose -z*q + 49 = 13. Calculate the remainder when 34 is divided by q.
10
Suppose -4*a - 2*d = -48, 5*a - 8*d - 82 = -5*d. Suppose 0 = -0*o - 2*o + 10. What is the remainder when a is divided by o?
4
Let k(p) = -p**2 - p + 5. Calculate the remainder when 20 is divided by k(0).
0
Let b be 1 + (-1)/((-3)/(-27)). Let y = b - -4. Let s(i) = i**2 + 4*i + 1. What is the remainder when 2 is divided by s(y)?
0
Let k = -36 + 52. Suppose 4*t - k = 4*q, 3*q - 4*t = -0*q - 16. Suppose -5*u - 21 = -2*y, q = -0*y + y + 4*u - 17. What is the remainder when y is divided by 5?
3
Let f(t) = 15*t**3 - t + 1. Let y be f(1). Let o = 21 - y. Suppose -5*x + 77 = 2*q, 2*x + 5*q = 5*x - 71. What is the remainder when x is divided by o?
5
Let f = 9 - 3. Let o be (-7)/((-7)/f) + -2. Suppose 0 = -0*a + 5*a + o*k - 4, 4*k + 16 = 0. What is the remainder when a is divided by 2?
0
Calculate the remainder when 32 is divided by (-68)/6*2/(8/(-6)).
15
Let s = -16 - -14. What is the remainder when 49 is divided by 20 - ((-10)/s - 2)?
15
Let i(d) = -d**3 + 7*d**2 - 4*d + 1. Calculate the remainder when 36/(-21)*(1 + -15) is divided by i(6).
11
Suppose v + 4*v = 10. Suppose c - 9 = -3*k, 5 = -v*c - 1. Suppose -2*t - k*a = -54, -7 - 20 = -t - 5*a. What is the remainder when t is divided by 10?
7
Let r = -57 + 98. Calculate the remainder when r is divided by 22.
19
Let t = 23 - -29. Suppose 0 = -5*p + 28 + t. What is the remainder when 46 is divided by p?
14
Suppose 4*s - 2*s = 134. Suppose 36 = 4*z - 4*o, 0 = -5*z - 3*o + s - 6. What is the remainder when 42 is divided by z?
9
What is the remainder when ((-135)/(-6) + 1)*2 is divided by 16?
15
Suppose -72 = -3*t - t. Suppose -4*d - 8 + 24 = 0. Suppose -d*x = -3*x - 53. Calculate the remainder when x is divided by t.
17
Let s(f) = -f**2 + 11*f - 1. Calculate the remainder when s(10) is divided by 3.
0
Let r = -8 + 51. Suppose -2*b = b, 0 = -2*x + b + 22. Calculate the remainder when r is divided by x.
10
Let d = 36 - 18. Suppose 0 = o - d - 8. Let s = -21 - -35. What is the remainder when o is divided by s?
12
Let c(u) = -u**3 + u + 2. Let b be c(0). Suppose 3 = h, -b*y = h - 4 - 3. What is the remainder when y is divided by 2?
0
Suppose -2*h - 4*k + 4 = 0, -k - 2*k + 9 = 0. Let i = h + 1. Let b = 5 + i. Calculate the remainder when 5 is divided by b.
1
Suppose -8*g = -51 - 13. Calculate the remainder when 46 is divided by g.
6
Let t be (-8)/(-2*(-3)/(-3)). Suppose -4*f - 2*r + r = -42, t*r + 19 = f. Calculate the remainder when 21 is divided by f.
10
Let n(r) = -2*r**3 + 30*r**2 + 4*r - 22. Calculate the remainder when 74 is divided by n(15).
36
Let z be (-2)/1*(-49)/14. Let k = 19 - z. Calculate the remainder when 33 is divided by k.
9
Let s = 6 - 2. Let a(j) = 13*j - 2. Calculate the remainder when a(s) is divided by 17.
16
Let n = -16 - -24. Let y(l) = -l**3 + 6*l**2 - 4. What is the remainder when y(3) is divided by n?
7
Calculate the remainder when 44 is divided by (-3 - 0)/((-2)/6).
8
Let p = 8 + 31. What is the remainder when p is divided by 10?
9
Let x(q) = -3*q + 1. What is the remainder when x(-6) is divided by 12 + -2 + (2 - 2)?
9
Let r = 56 + -83. Suppose -3*p = -2*p - 44. Let d = r + p. What is the remainder when d is divided by 6?
5
Calculate the remainder when 42 is divided by -3 + 18/(-2)*-2.
12
Let o(s) = -s**3 - 10*s**2 - 10*s - 9. Let q be o(-9). Suppose 6*n - n - 75 = q. What is the remainder when 27 is divided by n?
1